j**2 + 5249*j - 857. What is k(-56)?
-17
Let t(s) = -s**3 + 105*s**2 + 1209*s - 145752. What is t(103)?
-7
Let f(d) = -4085*d - 367649. What is f(-90)?
1
Let t(k) = -5*k**2 - 346*k - 4479. What is t(-52)?
-7
Let h(o) = -o**3 - 18*o**2 - 26*o + 335. Calculate h(-15).
50
Let y(p) = -p**2 - 1367*p + 47747. What is y(34)?
113
Let u(g) = -884*g**2 + 7068*g + 25. Give u(8).
-7
Let f(v) = 3*v**3 - 487*v**2 - 316*v - 1587. Give f(163).
43
Let j(l) = 16126*l - 274141. What is j(17)?
1
Let k(y) = y**2 + 233*y + 3006. Give k(-14).
-60
Let r(k) = k**3 - 25*k**2 - 359*k + 132. What is r(36)?
1464
Let d(r) = -r**3 + 4021*r**2 - 40109*r - 1. What is d(10)?
9
Let p(g) = -19*g**3 - 55*g**2 + 199*g - 9. Give p(4).
-1309
Let n(t) = 2149*t - 283715. Give n(132).
-47
Let g(b) = -31*b**2 + 197*b - 401. Determine g(2).
-131
Let y(p) = -4*p**3 - 112*p**2 + 1128*p - 175. Give y(9).
-2011
Let x(f) = -153*f - 842. What is x(2)?
-1148
Let t(h) = -2*h**2 + 290*h + 1815. Determine t(147).
1227
Let m(j) = 32*j**3 - 253*j**2 - 24*j + 69. What is m(8)?
69
Let z(h) = 14*h**2 - 598*h + 6982. Give z(12).
1822
Let f(p) = 30*p**2 + 345*p + 126. Give f(-11).
-39
Let t(y) = -17402*y + 974514. Give t(56).
2
Let p(q) = 49*q**3 - 93*q**2 - 24*q + 20. What is p(2)?
-8
Let r(y) = -7548*y - 233837. Calculate r(-31).
151
Let d(y) = -5*y**2 - 801*y + 2126. Give d(-163).
-156
Let b(c) = -11159*c + 167798. Give b(15).
413
Let d(u) = -5118*u - 26153. Give d(-5).
-563
Let g(n) = -1013*n - 108384. Give g(-107).
7
Let l(n) = -892*n - 18572. Give l(-21).
160
Let o(s) = -s**3 + 77*s**2 - 484*s - 389. Give o(70).
31
Let z(t) = -84*t**3 - 336*t**2 - 4*t - 35. Give z(-4).
-19
Let o(d) = 189*d**2 - 2116*d + 6336. Calculate o(3).
1689
Let b(g) = g**2 - 6168*g - 98978. Calculate b(-16).
-34
Let j(f) = 6*f**3 - f**2 - 531*f - 27. What is j(0)?
-27
Let x(z) = -z**3 - 73*z**2 + 346*z + 2927. Calculate x(-77).
1
Let l(d) = -2*d**3 + 87*d**2 + 1083*d - 54523. Determine l(40).
-3
Let i(p) = 7522*p + 52834. What is i(-7)?
180
Let v(i) = -95778*i + 478884. Give v(5).
-6
Let b(n) = n**2 + 121*n - 3176. Give b(-138).
-830
Let h(j) = 4*j**2 - 261*j - 1188. Determine h(29).
-5393
Let u(f) = 404*f**3 - 3581*f**2 - 485*f - 81. Calculate u(9).
9
Let t(q) = 7890*q + 55251. What is t(-7)?
21
Let f(i) = -2*i**2 - 67*i - 187. Calculate f(-21).
338
Let p(k) = -455822*k - 5469869. Determine p(-12).
-5
Let a(v) = 5*v**3 - 291*v**2 + 11*v + 2758. What is a(58)?
32
Let z(h) = 145*h**2 - 144*h + 307. Give z(2).
599
Let w(u) = 40*u**2 + 2032*u + 3522. Give w(-49).
-6
Let h(l) = -26*l**2 - 2626*l - 7755. What is h(-3)?
-111
Let d(t) = 160*t**3 - 2555*t**2 - 84*t + 44. Give d(16).
-20
Let i(x) = -3229*x - 280982. Calculate i(-87).
-59
Let n(z) = 1675*z - 36988. Determine n(22).
-138
Let b(j) = 2*j**3 - 570*j**2 - 8297*j + 17. What is b(-14)?
-1033
Let l(m) = -44672*m - 804100. Calculate l(-18).
-4
Let q(v) = -v**2 - 3330*v + 67009. Determine q(20).
9
Let v(k) = -1366*k - 80387. What is v(-59)?
207
Let a(x) = 4*x**3 - 95*x**2 + 73*x + 34. What is a(23)?
126
Let a(r) = -r**2 + 2301*r - 236841. What is a(108)?
3
Let b(n) = -9643*n - 57954. What is b(-6)?
-96
Let c(n) = -7793*n - 63223. Determine c(-8).
-879
Let i(j) = 9*j**3 + 78*j**2 + 114*j + 46. Determine i(-7).
-17
Let k(y) = 2*y**3 - 91*y**2 - 1206*y + 50041. Give k(47).
-14
Let g(r) = 5*r**3 + 40*r**2 - 328*r - 2600. Calculate g(-8).
24
Let b(d) = -61*d**2 + 2076*d - 69. Give b(34).
-1
Let a(b) = b**3 - 337*b**2 + 2428*b - 867. Determine a(7).
-41
Let i(n) = -7*n**3 + 322*n**2 - 638*n + 763. What is i(44)?
-205
Let f(s) = 50*s**2 - 857*s + 2629. Give f(4).
1
Let c(z) = -7442*z + 37143. Give c(5).
-67
Let a(j) = -18*j**2 + 387*j + 1067. Give a(24).
-13
Let l(h) = 2879*h - 149856. Calculate l(52).
-148
Let h(o) = 5*o**2 + 1968*o - 63554. Give h(30).
-14
Let z(v) = 3*v**3 + 90*v**2 + 665*v + 58. Give z(-17).
24
Let i(w) = -139*w - 8406. Give i(-59).
-205
Let h(u) = -25*u**3 + 101*u**2 + 2184*u - 8757. Calculate h(4).
-5
Let j(l) = -16*l**3 - 5807*l**2 + 37*l - 118331. What is j(-363)?
7
Let t(p) = 2582*p - 35284. Determine t(14).
864
Let d(h) = 191*h - 5225. Give d(34).
1269
Let l(p) = 73007*p - 219034. Calculate l(3).
-13
Let j(b) = -713*b**2 + 14228*b + 713. Calculate j(20).
73
Let h(r) = 14704*r - 161728. Give h(11).
16
Let i(l) = 2155*l + 53946. Give i(-25).
71
Let y(w) = 43541*w - 652764. Calculate y(15).
351
Let m(r) = 19347*r + 231907. Give m(-12).
-257
Let a(t) = -1966*t + 23396. Determine a(13).
-2162
Let d(w) = w**2 - 56*w - 63395. Determine d(-225).
-170
Let l(a) = -209*a - 14240. Give l(-63).
-1073
Let b(t) = -t**2 - 159*t + 86407. Determine b(-384).
7
Let b(t) = 9173*t - 36619. Determine b(4).
73
Let t(m) = 7010*m + 1303860. Calculate t(-186).
0
Let i(u) = -243059*u - 5833423. Determine i(-24).
-7
Let x(z) = -658*z**2 + 9975*z + 23. Calculate x(15).
1598
Let o(l) = -39325*l - 550541. Calculate o(-14).
9
Let j(w) = 3*w**3 - 186*w**2 + 2222*w - 642. What is j(46)?
2
Let z(n) = 5*n**2 + 607*n - 1217. Give z(2).
17
Let i(d) = -2*d**2 - 275*d - 8712. What is i(-46)?
-294
Let m(p) = -4*p**2 - 1106*p + 27550. Give m(23).
-4
Let r(k) = -k**3 - 46*k**2 - 335*k - 62. Determine r(-9).
-44
Let x(g) = -13949*g + 97851. Determine x(7).
208
Let k(s) = -2*s**3 + 52*s**2 + 10*s + 333. Determine k(26).
593
Let a(w) = 2*w**3 - 156*w**2 - 13*w + 1017. Determine a(78).
3
Let h(d) = -5*d**2 + 148*d + 586. Give h(-4).
-86
Let f(l) = 3*l**3 + 396*l**2 - 821*l - 2262. Give f(-134).
16
Let n(s) = 5*s**3 + 19*s**2 + 62*s + 321. Give n(-5).
-139
Let t(x) = -36*x**2 - 8822*x - 544. Determine t(-245).
-54
Let m(d) = -4*d**2 - 81*d + 22083. What is m(65)?
-82
Let l(p) = -42*p**3 - 108*p**2 - 309*p + 32. Determine l(-3).
1121
Let z(k) = 3976*k + 496287. What is z(-125)?
-713
Let g(q) = -q**3 + 115*q**2 + 556*q - 1078. Determine g(-6).
-58
Let q(k) = 2*k**3 - 184*k**2 + 162*k - 32397. Determine q(93).
-33
Let y(k) = k**3 + 2*k**2 + 34*k + 105. Give y(-7).
-378
Let u(z) = 4*z**2 - 243*z - 2. Calculate u(66).
1384
Let r(z) = z**3 - 19*z**2 + 61*z + 231. Determine r(12).
-45
Let p(b) = -b**3 + 5*b**2 - 27*b + 256. Give p(13).
-1447
Let q(j) = 133092*j + 4791329. Give q(-36).
17
Let q(l) = 118532*l + 2726223. Calculate q(-23).
-13
Let i(b) = -121*b**3 + 17*b**2 - 4*b - 20. Give i(-1).
122
Let i(y) = -119*y**2 + 148*y + 151. What is i(3)?
-476
Let r(n) = 300*n**2 - 14*n - 5. What is r(0)?
-5
Let b(p) = 160*p - 4376. Determine b(22).
-856
Let r(k) = -919*k + 37224. What is r(40)?
464
Let x(c) = -c**2 + 1069*c + 10687. Determine x(-10).
-103
Let k(s) = -s**3 - 66*s**2 + 1038*s + 778. Determine k(-79).
-91
Let c(x) = -3164*x**2 - 18965*x + 87. Calculate c(-6).
-27
Let i(h) = h**2 - 328*h + 24192. Calculate i(112).
0
Let l(t) = -632*t - 44111. Determine l(-63).
-4295
Let c(p) = -p**3 + 316*p**2 + 2589*p + 1582. Determine c(324).
610
Let f(y) = 40*y**2 - 441*y + 955. What is f(3)?
-8
Let t(b) = -3*b**2 + 369*b + 7087. Calculate t(-18).
-527
Let b(s) = -1190*s + 354629. What is b(298)?
9
Let v(t) = -3*t**2 + 73*t + 9307. What is v(-49)?
-1473
Let t(o) = 2*o**3 + 120*o**2 - 1593*o - 72. Calculate t(-71).
2129
Let w(s) = 6284*s + 56575. Determine w(-9).
19
Let d(h) = -201111*h + 13072223. Give d(65).
8
Let o(g) = -2712*g - 27970. Determine o(-10).
-850
Let a(z) = -128*z**2 - 17792*z - 17790. Calculate a(-1).
-126
Let b(n) = 4*n**3 - 3*n**2 - 27*n - 89. Determine b(-5).
-529
Let w(s) = -289*s - 10549. What is w(-46)?
2745
Let u(c) = -c**3 + 134*c**2 + 508*c - 32083. Calculate u(136).
13
Let u(m) = -26106*m - 261270. What is u(-10)?
-210
Let i(v) = -438*v**2 - 5489*v - 14944. What is i(-4)?
4
Let m(v) = 6*v**2 - 4238*v - 21194. Determine m(-5).
146
Let b(i) = -365*i - 1917. Calculate b(-7).
638
Let l(b) = -254237*b + 508470. Give l(2).
-4
Let j(t) = 6275*t + 2855139. What is j(-455)?
14
Let m(b) = 29*b**2 - 13113*b + 355888. What is m(29)?
0
Let w(a) = 7513*a + 106383. What is w(-14)?
1201
Let f(y) = -y**3 - 63*y**2 - 620*y - 9893. Calculate f(-55).
7
Let c(w) = 18*w**3 - 4013*w**2 - 224*w + 208. What is c(223)?
-15
Let c(z) = -364201*z - 728407. Give c(-2).
-5
Let f(h) = h**3 - 27*h**2 + 14*h - 153. What is f(28)?
1023
Let d(f) = f**3 + 45*f**2 + 508*f + 9233. Give d(-38).
37
Let d(b) = 481*b**2 - 137552*b - 3